he prime factors of 498196.
2, 59, 2111
What are the prime factors of 5885070?
2, 3, 5, 196169
What are the prime factors of 57487?
57487
What are the prime factors of 1515409?
7, 37, 5851
List the prime factors of 8090726.
2, 7, 577909
What are the prime factors of 226468?
2, 11, 5147
What are the prime factors of 127238?
2, 113, 563
List the prime factors of 77416.
2, 9677
List the prime factors of 1631029.
1631029
List the prime factors of 1285566.
2, 3, 167, 1283
List the prime factors of 229393.
229393
What are the prime factors of 25065?
3, 5, 557
List the prime factors of 6874542.
2, 3, 19, 20101
What are the prime factors of 168882?
2, 3, 7, 4021
What are the prime factors of 4650106?
2, 43, 139, 389
List the prime factors of 17307637.
17307637
List the prime factors of 866115.
3, 5, 19, 1013
What are the prime factors of 63623?
7, 61, 149
What are the prime factors of 3166272?
2, 3, 23, 239
List the prime factors of 5706602.
2, 11, 23581
List the prime factors of 1191043.
7, 109, 223
List the prime factors of 1282224.
2, 3, 26713
List the prime factors of 26075731.
11, 61, 38861
List the prime factors of 1091541.
3, 11, 31, 97
What are the prime factors of 6877482?
2, 3, 479, 2393
List the prime factors of 4184346.
2, 3, 17, 41023
What are the prime factors of 12870?
2, 3, 5, 11, 13
List the prime factors of 598496.
2, 59, 317
List the prime factors of 3037426.
2, 7, 23, 9433
List the prime factors of 306564.
2, 3, 59, 433
What are the prime factors of 640176?
2, 3, 13337
What are the prime factors of 18020270?
2, 5, 23, 47, 1667
List the prime factors of 42635084.
2, 10658771
What are the prime factors of 37941215?
5, 13, 197, 2963
What are the prime factors of 36959095?
5, 7391819
List the prime factors of 210129.
3, 89, 787
List the prime factors of 5239692.
2, 3, 145547
List the prime factors of 420214.
2, 163, 1289
List the prime factors of 300859.
13, 23143
What are the prime factors of 187913?
11, 1553
List the prime factors of 2747170.
2, 5, 29, 9473
List the prime factors of 83264.
2, 1301
What are the prime factors of 1488133?
1488133
What are the prime factors of 89194?
2, 7, 23, 277
What are the prime factors of 232787?
131, 1777
What are the prime factors of 656882?
2, 53, 6197
List the prime factors of 2629338.
2, 3, 438223
What are the prime factors of 270941?
11, 24631
What are the prime factors of 176074?
2, 88037
What are the prime factors of 227926?
2, 113963
List the prime factors of 160410.
2, 3, 5, 5347
What are the prime factors of 2774540?
2, 5, 138727
What are the prime factors of 7221493?
29, 249017
What are the prime factors of 1187375?
5, 7, 23, 59
List the prime factors of 2098400.
2, 5, 43, 61
What are the prime factors of 465537?
3, 29, 5351
What are the prime factors of 10985835?
3, 5, 7, 23, 4549
What are the prime factors of 626765?
5, 125353
What are the prime factors of 238393?
19, 12547
List the prime factors of 85563.
3, 3169
List the prime factors of 260128.
2, 11, 739
What are the prime factors of 1168310?
2, 5, 11, 13, 19, 43
List the prime factors of 3228831.
3, 29, 89, 139
What are the prime factors of 3303359?
19, 173861
What are the prime factors of 17853131?
79, 225989
List the prime factors of 6121560.
2, 3, 5, 139, 367
What are the prime factors of 4055557?
11, 277
List the prime factors of 258906.
2, 3, 43151
List the prime factors of 275268.
2, 3, 7, 29, 113
List the prime factors of 5028250.
2, 5, 20113
What are the prime factors of 3273390?
2, 3, 5, 37, 983
What are the prime factors of 426442?
2, 79, 2699
What are the prime factors of 4383488?
2, 17123
List the prime factors of 104860.
2, 5, 7, 107
What are the prime factors of 191121?
3, 7, 19, 479
List the prime factors of 73589.
73589
List the prime factors of 1118583.
3, 17, 2437
What are the prime factors of 500041?
500041
What are the prime factors of 2455828?
2, 613957
What are the prime factors of 17975496?
2, 3, 7, 11, 71, 137
List the prime factors of 973283.
973283
List the prime factors of 271252.
2, 17, 3989
List the prime factors of 792043.
7, 113149
What are the prime factors of 22150328?
2, 2768791
What are the prime factors of 325631?
325631
List the prime factors of 11208905.
5, 2241781
List the prime factors of 1219383.
3, 11, 109, 113
List the prime factors of 5119527.
3, 7, 243787
List the prime factors of 8059652.
2, 457, 4409
What are the prime factors of 196686?
2, 3, 7, 223
List the prime factors of 7329206.
2, 31, 118213
What are the prime factors of 131416?
2, 16427
List the prime factors of 3586227.
3, 29, 41221
List the prime factors of 25039.
7, 73
What are the prime factors of 2907355?
5, 11, 52861
What are the prime factors of 166124?
2, 7, 17, 349
What are the prime factors of 1030693?
17, 19, 3191
What are the prime factors of 91754?
2, 13, 3529
What are the prime factors of 147060?
2, 3, 5, 19, 43
List the prime factors of 4884376.
2, 7, 87221
What are the prime factors of 544110?
2, 3, 5, 7, 2591
What are the prime factors of 884595?
3, 5, 17, 3469
What are the prime factors of 592530?
2, 3, 5, 19751
List the prime factors of 706294.
2, 353147
List the prime factors of 237725.
5, 37, 257
List the prime factors of 157122.
2, 3, 7, 29, 43
What are the prime factors of 3037999?
3037999
What are the prime factors of 22704804?
2, 3, 630689
What are the prime factors of 2259838?
2, 7, 31, 41, 127
List the prime factors of 3595759.
947, 3797
What are the prime factors of 73349?
41, 1789
List the prime factors of 48242.
2, 24121
List the prime factors of 8548917.
3, 13, 19, 83, 139
List the prime factors of 636414.
2, 3, 73, 1453
List the prime factors of 5898283.
5898283
What are the prime factors of 2530784?
2, 79087
What are the prime factors of 9150934?
2, 13, 351959
What are the prime factors of 245464?
2, 61, 503
What are the prime factors of 2544001?
71, 35831
List the prime factors of 1536627.
3, 107, 4787
What are the prime factors of 863551?
13, 181, 367
What are the prime factors of 217055?
5, 43411
What are the prime factors of 1144242?
2, 3, 11, 5779
What are the prime factors of 168372?
2, 3, 1559
List the prime factors of 348946.
2, 13, 13421
What are the prime factors of 647397?
3, 71933
What are the prime factors of 843151?
863, 977
What are the prime factors of 2062102?
2, 7, 147293
What are the prime factors of 6278?
2, 43, 73
What are the prime factors of 142583?
7, 20369
List the prime factors of 527.
17, 31
List the prime factors of 17454567.
3, 13, 487, 919
What are the prime factors of 5953249?
163, 36523
List the prime factors of 830708.
2, 97, 2141
What are the prime factors of 1726776?
2, 3, 29, 827
List the prime factors of 781608.
2, 3, 29, 1123
What are the prime factors of 7587666?
2, 3, 191, 2207
What are the prime factors of 1583356?
2, 31, 113
What are the prime factors of 12626934?
2, 3, 41, 51329
List the prime factors of 129501.
3, 14389
What are the prime factors of 13748533?
19, 723607
List the prime factors of 17589901.
7, 2512843
List the prime factors of 217903.
7, 4447
List the prime factors of 873096.
2, 3, 7, 5197
What are the prime factors of 91742?
2, 7, 6553
List the prime factors of 1109823.
3, 11, 13, 199
What are the prime factors of 1156665?
3, 5, 29, 2659
What are the prime factors of 207677?
97, 2141
List the prime factors of 1664520.
2, 3, 5, 11, 13, 97
List the prime factors of 4662860.
2, 5, 233143
What are the prime factors of 4689789?
3, 13, 19, 6329
What are the prime factors of 469325?
5, 18773
What are the prime factors of 628967?
137, 4591
What are the prime factors of 564758?
2, 31, 9109
What are the prime factors of 2396215?
5, 479243
List the prime factors of 5366905.
5, 1073381
What are the prime factors of 427608?
2, 3, 5939
List the prime factors of 135022.
2, 67511
What are the prime factors of 3983634?
2, 3, 73771
What are the prime factors of 1052094?
2, 3, 175349
What are the prime factors of 15991128?
2, 3, 101, 733
What are the prime factors of 289891?
7, 41413
What are the prime factors of 9546097?
11, 867827
List the prime factors of 9694614.
2, 3, 41, 39409
What are the prime factors of 24538797?
3, 953, 2861
List the prime factors of 1641628.
2, 97, 4231
List the prime factors of 43563.
3, 13, 1117
List the prime factors o